 remainder when w(x) is divided by 9.
7
Let f(h) = -h**2 + 26*h - 11. What is the remainder when 55 is divided by f(25)?
13
Let o = -263 + 388. Calculate the remainder when o is divided by 30.
5
Suppose 51*g - 57*g = -66. Calculate the remainder when 28 is divided by g.
6
Let a(l) = l**3 - 10*l**2 - l + 14. Let v be a(10). Let h = 19 + v. Calculate the remainder when h is divided by 13.
10
Let l be 10/35 + (-696)/(-14). Let i = 57 - l. What is the remainder when i is divided by (-6)/15 - 17/(-5)?
1
Let o(g) = -21*g + 25. What is the remainder when o(-2) is divided by 23?
21
Let l = 86 + -39. Let i(k) = k**3 - 4*k**2 - 9*k + 9. Let u be i(5). Let t = 27 + u. What is the remainder when l is divided by t?
15
Calculate the remainder when 562/((-1)/(2/(-4))) is divided by 71.
68
Let f(v) = v**3 - 2*v + 149. Let g be f(0). Let t = 136 + g. Calculate the remainder when t is divided by 48.
45
Suppose 0 = -1987*u + 1998*u - 1375. Calculate the remainder when u is divided by 18.
17
Suppose -7*k + 15 = -2*k + 5*w, 4*w = -8. Calculate the remainder when k is divided by 4.
1
Suppose -16 = 17*t - 21*t. Suppose -696 = -4*k - t*k. What is the remainder when k is divided by 18?
15
Let p = 675 - 608. Calculate the remainder when p is divided by 4.
3
Suppose -j + 2 = 1. Let x(g) be the second derivative of 11*g**3/6 + g**2/2 - 80*g. What is the remainder when 46 is divided by x(j)?
10
Let f(s) = 34*s - 28*s - 18 - 6. Calculate the remainder when 21 is divided by f(5).
3
What is the remainder when 44*(3 - (-9)/(-6)) is divided by (-552)/(-16)*(-1)/3*-2?
20
Let i(r) = -3*r**3 - r**2 - r - 1. Let g be i(-1). Let b be ((-1)/g)/((-2)/20). Suppose -b*w + 66 + 84 = 0. What is the remainder when w is divided by 11?
8
Let t be -4*((-9)/(-6) + -3). Let a = t - 4. Calculate the remainder when 6 is divided by a.
0
Let t(v) = -v**2 - 10*v - 6. Calculate the remainder when -3*8/(-72)*(128 - -1) is divided by t(-7).
13
Suppose 127*b - 656 = 2646. What is the remainder when 49/(((-1)/(-2))/1) is divided by b?
20
Let j(o) = -o**2 - 7*o - 7. What is the remainder when 38 is divided by j(-3)?
3
Suppose 17 = 8*w - 143. What is the remainder when w is divided by 8?
4
Let d(k) = -k**3 - 3*k**2 + k. Let f be d(-4). Let w be 8/f - (-16)/12. Calculate the remainder when ((-79)/(-2))/(1/w) is divided by 20.
19
Suppose 2*k + 2*s = 188, -3*s + 1 = 4. Let h = -81 + k. What is the remainder when 15 is divided by h?
1
Suppose m + 2*c - 3 = -0, -19 = -m + 2*c. Let i(z) = 5*z - 210. What is the remainder when i(45) is divided by m?
4
Let j(f) = f**3 + 9*f**2 - 2*f - 9. Let g be j(-9). Let o(p) = 0*p**2 + 2*p**2 - g - 7*p + 1 + 0. Calculate the remainder when o(6) is divided by 8.
6
Suppose 2*q = 4*m + 84, -47*m = -44*m + 3. Calculate the remainder when 1798 is divided by q.
38
Let z(t) = -3*t**2 + 8*t. Let f be z(7). Let k = f + 136. Suppose 0 = -5*r + h + 77, -h - 44 = -2*r - 5*h. Calculate the remainder when k is divided by r.
13
Suppose -z + 12 = z. Suppose 0 = -2*a + z*a + 24. Calculate the remainder when 51 is divided by 0/(2 + a) - -18.
15
Let p(n) = -78*n**2 + 9 - n**3 + 0*n + 13*n - 22 + 69*n**2. What is the remainder when p(-12) is divided by 53?
51
Let i = 8 + 70. Calculate the remainder when (i - 6)*-3*(-2)/8 is divided by 11.
10
Suppose -8*r = -2*q - 6*r + 10, 5*r + 4 = 2*q. Suppose 3*c = -2*c. Suppose -n = -12 - c. What is the remainder when n is divided by q?
5
Suppose -5*g = -5*v + 4*v + 19, -5*g = -4*v + 31. Let h(m) = -m**2 - 6*m + 3. Let x be h(g). Suppose -f + 2 = -x. What is the remainder when 39 is divided by f?
11
Suppose -2*k + 0*k + 3*v = -139, -2*k + 145 = -5*v. Let t = k + 6. Calculate the remainder when t is divided by 25.
21
What is the remainder when 2725/(-10)*4/(-5) is divided by 57?
47
Let t(g) = -8 - g - g + 4*g. Suppose -7*f + 35 = -2*f. What is the remainder when 22 is divided by t(f)?
4
Suppose k = 4*k + 72. Let u = k + 54. What is the remainder when 59 is divided by u?
29
Let y = 1750 + -1702. What is the remainder when 1197 is divided by y?
45
Suppose 0 = m + 3, -m + 17 = -2*a - 6. Let c = a + 16. Calculate the remainder when 54 is divided by (1/c)/((-5)/(-165)).
10
Let n(g) = g**3 - 6*g**2 - 6*g - 4. Let r be n(7). Let b be -2 + (-108)/(2 - r). Suppose 4*p - 18 = b. What is the remainder when 121 is divided by p?
28
Suppose -2*b - 8 - 6 = 0. Let m(o) = -7*o - 7. Let i be m(b). Suppose a + 5*l + 2 = i, 35 = a + 4*l. Calculate the remainder when 28 is divided by a.
13
Let o = 1173 + -1107. Calculate the remainder when 76 is divided by o.
10
Let p = -275 - -502. What is the remainder when p is divided by 21?
17
What is the remainder when (18/(-30) - 0)/(2/(-310)) is divided by 12/9*(-12)/(-1)?
13
Calculate the remainder when 3 - (-9 + 7 + -301) is divided by 112.
82
Suppose 0*q = 4*q. Suppose -6*u + q*u = -24. What is the remainder when 19 is divided by u?
3
Suppose -s - 3*i + 15 = 0, 2*s = -4*i + 46 - 16. Calculate the remainder when s is divided by -2*(4/2 - 4).
3
Let y = -786 - -825. Calculate the remainder when 141 is divided by y.
24
Suppose -3*l = -4*l + 102. Let o(v) = -36*v - 1. Calculate the remainder when l is divided by o(-1).
32
Let s(v) = -v**3 + 20*v**2 - v + 6. Let c be s(20). Let w = c - -33. Let b(x) = 13*x - 4. What is the remainder when b(6) is divided by w?
17
What is the remainder when (-1137)/(-12) + 2/8 is divided by 24?
23
Let w(z) = -z**3 - 11*z**2 - 24*z + 3. Let y be w(-8). Suppose -y = 4*k - 51. Calculate the remainder when 31 is divided by k.
7
Suppose -s - 5*q + 187 = 0, 19*q - 24*q = 0. What is the remainder when s is divided by 105?
82
Let u be 8 - 6*(-6)/(-9). Suppose 0 = -2*m - u*m + 180. Suppose 6*k - 138 = -m. Calculate the remainder when k is divided by 5.
3
Suppose 5*a - 4*a - 202 = u, 0 = -3*u + 15. What is the remainder when a is divided by 19?
17
Let h(g) = -13*g**3 - 1. Let l be h(-1). Suppose 8*b = l + 300. Calculate the remainder when b is divided by 6.
3
Suppose -5*y + y = 0. Suppose 4*b - 13 - 3 = y. Calculate the remainder when (b/6)/(4/102) is divided by 9.
8
Let p(g) = 5*g**2 - 2*g - 1. Let r(j) = 2*j**2 + 8*j - 7. Let c be r(-5). Calculate the remainder when 112 is divided by p(c).
36
Let t = 2 + 1. Suppose -t*k + 2*a = -57, k + 4*k - 117 = -4*a. Calculate the remainder when k is divided by 8.
5
Let t(a) = -5*a - 4. Let f be (25/4 + -1)/((-10)/120). Let z = -51 - f. Calculate the remainder when t(-5) is divided by z.
9
Let o be (-4)/18 - 87/(-27). Suppose 3*u + o*f = 4*u - 24, -154 = -5*u - 2*f. What is the remainder when 58 is divided by u?
28
Let o(i) = -i**2 + 4*i - 2. Let g(p) = p**2 - 42*p + 121. Calculate the remainder when g(39) is divided by o(3).
0
Let l be -2 + (-7)/(-3) + (-238)/(-51). Suppose 13 = 3*u - 4*w, 0 = -2*u - u - l*w + 58. Calculate the remainder when 19 is divided by u.
8
Suppose 0*j = 5*x + j, 4*j = -5*x. Suppose -y = 5*c - 5, 3*y + 3*c - 15 + 0 = x. Let i = 4 - -8. Calculate the remainder when i is divided by y.
2
Suppose -2 = 2*d + t - 10, t + 2 = 0. Suppose -d*r - 20 = 0, 1 = 2*w + 4*r - 1. Calculate the remainder when 14 is divided by w.
5
Let t(v) = -14*v + 138. Calculate the remainder when 34 + 1 + 0/1 is divided by t(9).
11
Suppose -1297 = -10*g - 127. What is the remainder when g is divided by 27?
9
Let w(h) = -h**3 - 16*h**2 - 16*h - 11. Let x be w(-15). Suppose 0 = x*k - 2*j - 406, j = -3*k + 5*j + 292. Calculate the remainder when k is divided by 35.
34
What is the remainder when 67 is divided by 6/(-99) + (-34844)/(-1023)?
33
Let r = -11 + 17. Suppose -5*b + 180 = 4*y, -2*y - 5*b + 8*b = -68. Calculate the remainder when y is divided by 4*(-3)/r*-7.
12
Calculate the remainder when 201 is divided by (3/9)/(14/2142).
48
Suppose 6*r = 6335 - 6227. What is the remainder when 126/4 + (-2)/(-4) is divided by r?
14
Suppose -4*u - 4*k + 712 = 0, 7*k - 8*k = -u + 188. Calculate the remainder when u is divided by 23.
22
Let v(k) = -k**3 - 8*k**2 - 4*k - 12. Suppose z - 4*c = -24, -3*c = 5*z - 8*c + 60. Let l = 2 - -57. What is the remainder when l is divided by v(z)?
19
Let o(w) = -42*w + 23. Calculate the remainder when o(-4) is divided by 32.
31
Let j(w) = 4 + 15 + w**3 - 2*w**3 + 22*w - 7*w + 14*w**2. Calculate the remainder when j(15) is divided by 11.
8
Let v = -2 + 5. Let t